. Let o be -5*(-1 + 39/15). Let c = o + s. Does 6 divide c?
True
Let z be 9/(1 - -2) + -17. Does 3 divide (-88)/z - 2/7?
True
Let q = -6 + 5. Is 10 a factor of -1 + 3 + (-18)/q?
True
Suppose 4*k - 342 = -5*k. Is k a multiple of 2?
True
Suppose d + a = 32, 146 = 4*d - 0*a - 5*a. Does 8 divide d?
False
Suppose -31 = -2*k + k. Let z = 43 - k. Is z a multiple of 6?
True
Let q(u) = -6*u**3 + 6*u**2 + 6*u + 2. Let t(f) = 5*f**3 - 5*f**2 - 5*f - 2. Let v(z) = -6*q(z) - 7*t(z). Is 5 a factor of v(3)?
False
Is ((-2)/(-4))/((-3)/(-1812)) a multiple of 16?
False
Suppose -2 = -4*u + 2. Is 4 a factor of 16/(-2)*u/(-2)?
True
Let b(n) = -n + 5. Let h be b(-4). Does 3 divide 2*(-9)/(-6) + h?
True
Suppose -7*l = -9*l + 224. Is 31 a factor of l?
False
Let r(h) = h**2 + 11*h - 2. Let l be r(-6). Does 23 divide 184/l*(-8)/1?
True
Let f be 0 + (-1)/(-1) + 2. Let j = 24 + 8. Suppose q = -f*q + j. Does 4 divide q?
True
Let u(p) = 2*p - 3*p**3 + 5*p**3 - 3*p**3 - 8*p**2 - 8*p. Is u(-8) a multiple of 12?
True
Let j be (2 + (-2 - -2))*1. Let h = 1 + j. Suppose 4*c + 34 = l, -3*l - h*c + 74 = -c. Is 13 a factor of l?
True
Suppose 0 = 2*b - 0*b - 12. Let s(o) = 2*o**2 - 10*o + 8. Let v be s(b). Let n = v + -7. Does 13 divide n?
True
Let s be (-2)/4*(-2 - 2). Suppose -s*h = 2*h - 160. Is 23 a factor of h?
False
Let m be (10/(-4) + 1)*-2. Let r = -2 + 6. Suppose m*l = l + r. Does 2 divide l?
True
Let x = 0 + 0. Suppose x = -0*l + 4*l. Suppose a = -l*a + 34. Does 13 divide a?
False
Suppose 4*d - 714 = 3882. Suppose 0 = -4*l - 449 + d. Suppose l = 5*p - 0*p. Is 20 a factor of p?
False
Suppose -3*r + 2*v = -4, -2*r + v - 2 = 2*v. Suppose r = -0*h - 4*h + 188. Suppose -h = -5*x + 73. Is 12 a factor of x?
True
Let y(q) = -7*q**3 + 2*q - 1. Let w be y(1). Let g(i) = i + 11. Let v be g(w). Suppose -11 - 169 = -v*t. Is t a multiple of 18?
True
Let h be ((-7)/(-14))/((-2)/(-1284)). Suppose -5*c - 9 = h. Is 7 a factor of (-16)/(-40) + c/(-10)?
True
Let o(z) = z**2 - 10*z + 7. Let a be o(5). Is 6 a factor of 6/27 + (-122)/a?
False
Let g(q) = -3*q - 9. Suppose -9 - 15 = 4*z. Is 9 a factor of g(z)?
True
Let m(n) = 2*n**2 - 3*n. Let t be m(2). Suppose -90 = t*k - 7*k. Is 8 a factor of k?
False
Let q = -10 + 38. Let x = -17 + q. Is 4 a factor of x?
False
Let n = 47 - 25. Suppose -6*g = -g - 10. Suppose -k - n = -g*k. Is 11 a factor of k?
True
Let h(w) be the third derivative of w**4/8 - 5*w**3/3 + w**2. Is 14 a factor of h(10)?
False
Suppose -250 = -3*x - 2*x. Suppose -4*n - x = 18. Let i = 32 + n. Does 7 divide i?
False
Suppose 2*m - 6*m = -12. Suppose 2*b = m*b + 5. Let c = b + 10. Does 5 divide c?
True
Suppose 2*n + 5 = -13. Suppose 4*s - 36 - 12 = 0. Is 6 a factor of n/s*4*-4?
True
Is (2*5)/(10/30) a multiple of 10?
True
Suppose 1 = -4*x + 13. Suppose -c + k + 40 = -x*k, -3*c = 5*k - 52. Is 15 a factor of c?
False
Suppose 25 = -2*y + 7*y. Suppose y*x = -2 - 3. Is 13 a factor of 27/(x - (-15)/6)?
False
Suppose 2*t + 2*s - 16 = 0, 3*t + 42 = 8*t + 4*s. Let u be 24/t + (-6)/15. Is 15 a factor of 48/4*5/u?
True
Suppose 846 = 2*c + 4*u, c + 4*u - 421 = u. Suppose 5*s + 4*v - c = 0, -4*s + 3*v + 139 + 215 = 0. Is 26 a factor of s?
False
Suppose 25 = -0*i + 5*i. Suppose -15 - 35 = 2*g - x, 5*g = -i*x - 110. Let n = 6 - g. Does 15 divide n?
True
Let h(l) be the first derivative of -l**2/2 + 45*l + 11. Does 15 divide h(0)?
True
Let w(b) = 7*b**2 - 4*b - 2 + 8 + 3 + 11*b + b**3. Let g be w(-6). Suppose -i + 12 = g*i. Is i a multiple of 2?
False
Suppose -28 = s - 134. Let y be (s/(-6))/(1/3). Let b = -35 - y. Is b a multiple of 18?
True
Let f be (1 + -1)*(-2 + 1). Suppose f = 5*h - 0*h - 70. Does 13 divide h?
False
Let x = -4 + 3. Is 3 + -3 + (11 - x) a multiple of 12?
True
Let b(k) = 5*k**3 - k**2 + k. Let f(d) = -d**2 + 5*d - 3. Let m be f(4). Let g be b(m). Suppose g = y - 3*x - 8, 3*y - 59 = 4*x. Does 10 divide y?
False
Let m(i) = -i + 78. Suppose -4*q = q. Is 26 a factor of m(q)?
True
Let g(u) = u**2 + 4*u - 2. Is 2 a factor of g(-5)?
False
Suppose 7*z - 224 = 3*z. Suppose 0 = -4*h + z + 188. Let m = 99 - h. Does 11 divide m?
False
Suppose 7*g - 1800 = -5*g. Is 30 a factor of g?
True
Is 6/(0 - 3) - -11 a multiple of 9?
True
Suppose 0 = -3*a - 6, x + 2*a + 4 = 5. Suppose x*f - 32 = -2. Is f even?
True
Suppose 4*q - o + 218 = 0, -4*q + 2*o = 261 - 41. Let a = 79 + q. Let n = a + -3. Does 11 divide n?
True
Suppose -3*j + 9 = -0. Suppose -j*u + 66 = -u. Does 8 divide u?
False
Let p(x) = -2*x - 2. Let k be p(-2). Let b = 10 + 1. Suppose f - k*f = 3*s - b, 4*s - 8 = 0. Is 5 a factor of f?
True
Is -1*(2 + -11) + 3 a multiple of 9?
False
Suppose 0 = 2*t - 5*k - 39 - 29, 4*t = -k + 136. Does 9 divide t?
False
Suppose -k - a + 16 = 0, 3*k = 2*a + 20 + 43. Is 19 a factor of k?
True
Let h be 5 - (-1 + 0/(-1)). Let y(u) = 4*u - u**2 + 4*u**2 - 4 - u**3 + 0*u**3 + 3*u**2. Is 9 a factor of y(h)?
False
Let h(w) = 9*w**3 + 3*w**2 - 2*w + 1. Let g be h(2). Suppose 0*b + b - g = 0. Is b a multiple of 18?
False
Let s = 214 + -110. Is s a multiple of 19?
False
Does 27 divide 216/84*(22 - 1)?
True
Suppose 4*u + 8 = d + d, -3*u - 5*d = -20. Suppose u = 3*i - 28 - 14. Is 6 a factor of i?
False
Let f(j) = -34*j - 1. Let p be f(-3). Suppose 3*o - 7*u = -6*u + p, -u - 67 = -2*o. Does 17 divide o?
True
Let u = -10 + 9. Let a = u - 1. Is (-4)/((-24)/(-15))*a a multiple of 5?
True
Let t(b) = b**2 - 3*b + 7. Let w(g) = 2*g**2 - 5*g + 13. Let u(a) = -11*t(a) + 6*w(a). Let y be u(-2). Does 3 divide (-2)/y + (-1 - -3)?
False
Suppose -571 = -3*h + 200. Does 20 divide h?
False
Suppose 0 = -4*k + 3*k + 105. Let i be 4 + 0 + (-2 - -2). Suppose -i*s = -s - k. Is s a multiple of 12?
False
Suppose 0*w = 3*w + q - 11, -w - 2*q = -12. Is 8 a factor of (-339)/(-15) - w/(-5)?
False
Suppose -o - 3*o + 18 = -s, -3*s - 14 = -4*o. Suppose -3*u - 3*r + 68 = 2*r, -5*u = s*r - 88. Let b = u - 8. Does 8 divide b?
True
Let i = -45 - -88. Let x = -25 + i. Is x a multiple of 9?
True
Let w be (8/(-10))/((-2)/(-30)). Let h = 85 + -149. Let k = w - h. Is k a multiple of 26?
True
Let p be (-616)/(-21) - (-1)/(-3). Suppose 3*h + 23 = 62. Let n = p - h. Is 6 a factor of n?
False
Suppose 5*w = -3*v + 87 - 397, -4*v - w = 436. Let k be v/(-12) + 2/(-12). Suppose 3*n + 0*n = k. Is n a multiple of 2?
False
Suppose 0 = j + 3*j - 8. Is 9 a factor of (-27)/(-2)*j/3?
True
Let g(j) = j**2 + 2*j - 1. Let b be g(-2). Let a = 1 + b. Suppose 2*i - 25 - 13 = a. Does 7 divide i?
False
Let v be -18*(25/(-2))/(-5). Let s = 91 + v. Is s a multiple of 21?
False
Let d be (-1)/(-3) + (-26)/(-3). Let g = -5 + d. Does 2 divide g?
True
Let a be -2 - 3/((-9)/6). Suppose a = -3*u + 82 - 13. Does 7 divide u?
False
Suppose -f - 12 = 2*f. Let m(z) = z**2 + 5*z + 6. Let j be m(f). Suppose 0 = 5*q - 4*l - 166, 0*q + j*l = -q + 22. Is 15 a factor of q?
True
Let c = 76 - 123. Let v = c - -90. Does 13 divide v?
False
Suppose -69 + 423 = 3*u. Suppose -6*r + 649 = 4*m - 3*r, 4*r - 478 = -3*m. Suppose -3*x - y = 3*y - u, 4*x + y = m. Is x a multiple of 21?
True
Suppose -f = 3*f - 128. Is 3 a factor of f?
False
Let q = -13 + 7. Let u = q - -16. Is u a multiple of 8?
False
Suppose 0*q - 2*q = 3*v - 16, 0 = -5*v + 4*q + 12. Let d(s) = -s**2 + s - 4*s + 11 + v*s. Is 11 a factor of d(0)?
True
Is 0/4 - (0 - (0 - -3)) even?
False
Let b(s) = s**2 - 21. Is 15 a factor of b(-9)?
True
Let a(i) = -25*i - 5. Let s be a(-5). Suppose s = -w + 5*w. Is 13 a factor of w?
False
Suppose 0 = -k - 0*k + 3*v + 13, -4*k + v + 19 = 0. Suppose 2*i - 54 = -k*y, -4*y = -7*y + 4*i + 24. Is y a multiple of 12?
True
Suppose 2*s + 5*x - 19 = 0, 0 = -s - 0*x + 4*x - 23. Suppose 0 = 4*q - 2*q - 12. Is (q/(-4))/(s/52) a multiple of 13?
True
Does 10 divide (-1)/(-2 - (-98)/50)?
False
Suppose 4*g = 2*g + 10. Suppose 0 = g*c - 55 - 135. Does 18 divide c?
False
Let s(f) = 33*f**3 + 2*f**2 - 1. Let u = -3 + 4. Let r be s(u). Let v = r + -22. Is v a multiple of 12?
True
Suppose 4*w - 5*d + 1295 - 4005 = 0, -3*w + 5*d + 2030 = 0. Is 17 a factor of -3*(w/12)/(-5)?
True
Let t = -153 + 235. Is t a multiple of 23?
False
Suppose -5*w - 3*q - 363 = 0, 2*w + 304 = -2*w + q. Does 5 divide 3/(66/w + 1)?
True
Let x be -1 - (-3 + (1 - -1)). Suppose -2*v + x = -10. Suppose -3*h + 4*m + 16 = 0, -v*h + 20 = -2*h - 2*m. Is 4 a factor of 